{"id":7,"date":"2018-07-07T10:30:43","date_gmt":"2018-07-07T10:30:43","guid":{"rendered":"http:\/\/ing-buero-doehrer.de\/?page_id=7"},"modified":"2024-03-19T20:11:24","modified_gmt":"2024-03-19T20:11:24","slug":"kontakt","status":"publish","type":"page","link":"https:\/\/ing-buero-doehrer.de\/?page_id=7","title":{"rendered":"Kontakt"},"content":{"rendered":"<p>&nbsp;<\/p>\n<h1>Ingenieur-B\u00fcro Klaus D\u00f6hrer<\/h1>\n<p>Goldbreite 31<\/p>\n<p>58730 Fr\u00f6ndenberg<\/p>\n<p>&nbsp;<\/p>\n<p>Tel.: \u00a0 \u00a0 +49 (0) 171 \/ 12 77 510<\/p>\n<p>mail:\u00a0\u00a0 <a href=\"mailto:kontakt@ing-buero-doehrer.de\">kontakt@ing-buero-doehrer.de<\/a><\/p>\n","protected":false},"excerpt":{"rendered":"<p>&nbsp; Ingenieur-B\u00fcro Klaus D\u00f6hrer Goldbreite 31 58730 Fr\u00f6ndenberg &nbsp; Tel.: \u00a0 \u00a0 +49 (0) 171 \/ 12 77 510 mail:\u00a0\u00a0 kontakt@ing-buero-doehrer.de<\/p>\n","protected":false},"author":1,"featured_media":0,"parent":0,"menu_order":0,"comment_status":"closed","ping_status":"closed","template":"template\/template-contact.php","meta":{"footnotes":""},"_links":{"self":[{"href":"https:\/\/ing-buero-doehrer.de\/index.php?rest_route=\/wp\/v2\/pages\/7"}],"collection":[{"href":"https:\/\/ing-buero-doehrer.de\/index.php?rest_route=\/wp\/v2\/pages"}],"about":[{"href":"https:\/\/ing-buero-doehrer.de\/index.php?rest_route=\/wp\/v2\/types\/page"}],"author":[{"embeddable":true,"href":"https:\/\/ing-buero-doehrer.de\/index.php?rest_route=\/wp\/v2\/users\/1"}],"replies":[{"embeddable":true,"href":"https:\/\/ing-buero-doehrer.de\/index.php?rest_route=%2Fwp%2Fv2%2Fcomments&post=7"}],"version-history":[{"count":3,"href":"https:\/\/ing-buero-doehrer.de\/index.php?rest_route=\/wp\/v2\/pages\/7\/revisions"}],"predecessor-version":[{"id":365,"href":"https:\/\/ing-buero-doehrer.de\/index.php?rest_route=\/wp\/v2\/pages\/7\/revisions\/365"}],"wp:attachment":[{"href":"https:\/\/ing-buero-doehrer.de\/index.php?rest_route=%2Fwp%2Fv2%2Fmedia&parent=7"}],"curies":[{"name":"wp","href":"https:\/\/api.w.org\/{rel}","templated":true}]}}